en 2/c*(-93)/2 is divided by 11?
9
Let h = -12 - -8. Let m = h + 6. Suppose -82 + 220 = 3*a + z, m*z - 138 = -3*a. Calculate the remainder when a is divided by 12.
10
Let c(s) = 2*s**2 + 10*s + 3. Calculate the remainder when 9 is divided by c(-5).
0
Let q(m) = -25*m + 49. What is the remainder when q(-10) is divided by 43?
41
Suppose 5*f - 677 = 3*a, 2*f + 3*f - 1125 = 5*a. Suppose -3*n = 6, -2*m - 3*n + 6 = -8. What is the remainder when 6/(-4)*a/12 is divided by m?
8
Let j = 68 - -84. Calculate the remainder when j is divided by 39.
35
Let i = 5 + 0. Calculate the remainder when (-6)/(-8)*4 + 10 is divided by i.
3
Suppose 0 = 5*q - 4*w + 1 + 2, 0 = -2*q + 3*w - 4. Calculate the remainder when 4 is divided by q.
0
Suppose 4 = 4*a, s + a - 41 = -5. Calculate the remainder when s is divided by 13.
9
Suppose -3*g = -2*g + 5. Let o be 10/3*6/g. Let v = 22 + o. What is the remainder when 53 is divided by v?
17
Let l(s) = 6*s**2 + s**3 - 9 - 9*s + 6*s - 6*s. Let h be l(-7). Suppose 4*n - 5*c - 3 = 1, 34 = h*n + c. Calculate the remainder when 21 is divided by n.
3
Suppose 16 = i + 1. Suppose -3*y - 191 = -n - 16, 297 = -5*y + 3*n. Let k = y - -85. What is the remainder when k is divided by i?
13
Let u(a) = 2*a**2 - 2*a - 1. Calculate the remainder when u(-3) is divided by 14.
9
Let i = 72 - 46. Calculate the remainder when i is divided by (7 + (0 - -2))/1.
8
Suppose 3*x = f - 25, -f - f - 20 = x. Calculate the remainder when (8/x)/((-4)/90) is divided by 10.
8
Let a = -2 + 0. Suppose 4*y + 40 = 5*y. Calculate the remainder when y is divided by (7/a)/(1/(-4)).
12
Let j(i) = -i**3 + 9*i**2 + 11*i - 5. What is the remainder when j(10) is divided by 2/(-1) + (-1 - -6)?
2
Let r = 30 - 25. Suppose 2*m - 57 = -m. What is the remainder when m is divided by r?
4
Let s = -32 + 15. Calculate the remainder when 53 is divided by (s + -1)*(-2)/2.
17
Suppose 3*m - 3 = o - 2*m, 0 = 5*o + 3*m - 13. Suppose l - 27 = -o*l. Calculate the remainder when 34 is divided by l.
7
Calculate the remainder when 4*(-1)/30 - 1266/(-45) is divided by 5.
3
Suppose 4*u = -4*f + 12, f = -2*f + 5*u + 25. What is the remainder when (-30)/6*13/(-5) is divided by f?
3
Let j be (12/14)/((-3)/(-21)). Let h = 28 - j. Suppose -h = -2*i + 2*y, 33 = 3*i + y + y. What is the remainder when 32 is divided by i?
10
Let f be (-2)/(-7) - 26/(-7). Let h be (-10)/f + (-4)/8. Let t = 10 + h. What is the remainder when t is divided by 4?
3
Let n = 26 + -23. What is the remainder when 4 is divided by n?
1
Suppose 0 = 3*k - 6. Suppose -6 = b - k*w, 4*b + 96 = -4*w + 12. Let o = -9 - b. What is the remainder when 12 is divided by o?
5
Suppose 5*j - 2 = -3*o + 4*o, 3*j - 107 = -4*o. What is the remainder when o is divided by 9?
5
Let m(o) = o + 38. Let k(i) = i**3 - 5*i**2 - 5*i - 6. Let b be k(6). What is the remainder when m(b) is divided by 10?
8
Let k(n) = 31*n + 21*n + 3*n. What is the remainder when k(1) is divided by (56/10)/(2/5)?
13
Let a(i) = 14*i - 7*i + 3*i**3 + 6 - 4*i**3 - 4*i**2. Calculate the remainder when a(-6) is divided by 13.
10
Suppose -46 = -2*f - 4*g, 3*f - 5*f - 5*g = -50. Let d = 21 - f. Calculate the remainder when 21 is divided by d.
3
Let p(x) = 66*x**3 - 3*x**2 + 3*x - 1. What is the remainder when p(1) is divided by 22?
21
Suppose -4*n + 7 + 5 = 0, -4*i + 142 = 2*n. What is the remainder when i is divided by 12?
10
What is the remainder when (2 + -4)/2 + 15 is divided by (-34)/(-6) + 6/(-9)?
4
Suppose 0 = -8*y + 9*y - 23. Calculate the remainder when 135 is divided by y.
20
Suppose -4*f + 5 = -11. Let h be (f - 6/3) + -2. Suppose i + 3*i - 48 = h. What is the remainder when 23 is divided by i?
11
Let p(b) = b**2 - 5*b - 18. Calculate the remainder when 10 is divided by p(8).
4
Let g(c) = c**2 + 6*c - 7. Calculate the remainder when 34 is divided by g(-9).
14
Suppose -b + 12 = -0*b - t, 4*b - 2*t = 38. Suppose 3*w - w + 2*y - 18 = 0, -w + 4*y - 16 = 0. What is the remainder when b is divided by w?
3
Suppose 5*m = -4*k + 22, 0*k = m + 4*k + 2. Let d(x) be the first derivative of x**3/3 - 5*x**2/2 - 4*x + 4. What is the remainder when d(m) is divided by 1?
0
Suppose 0 = -6*w + 2*w + 172. Suppose 4*u - 6*u = -5*b, 5*b = 5*u + 15. Calculate the remainder when w is divided by 16 + 2/2 + b.
13
Suppose 77 = 5*s - 33. Calculate the remainder when s is divided by 6.
4
Let w = -11 - -20. Let v = w - -1. Calculate the remainder when 29 is divided by v.
9
Suppose 46 = 5*u - 2*k, 6*k - k + 39 = 3*u. Calculate the remainder when 21 is divided by u.
5
Suppose 0 = 4*i - 39 + 3. What is the remainder when i is divided by 4?
1
Calculate the remainder when (-131 - (-3 - -2))*(-12)/30 is divided by 9.
7
Suppose -k - 3*k + 32 = 0. Let n = -7 + 11. What is the remainder when (k/10)/(12/150) is divided by n?
2
Suppose 0*v - 2*v + 6 = 0. Suppose 0*z + z = v. Calculate the remainder when z is divided by 2.
1
Suppose -2*x + 4*x - 2*l = -2, 3*l = 9. What is the remainder when (1 - -4) + (3 - 0) is divided by x?
0
Suppose 0 = 12*t - 5*t - 154. Calculate the remainder when 86 is divided by t.
20
Let u = 4 - 2. Suppose u*o = 6*o - 244. What is the remainder when o is divided by (-309)/(-15) - 2/(-5)?
19
Let c(p) = -p**2 - 31*p - 68. Suppose k + o = 2*k - 5, -2*k = 3*o + 15. Suppose 0 = -5*w - k*w + 235. Calculate the remainder when w is divided by c(-28).
15
Let l(o) = -o**3 - 4*o**2 + 3*o - 6. Let w be l(-5). Suppose -q - 1 = 0, 3*p - 14 = -w*q + 15. What is the remainder when p is divided by 4?
3
Suppose -1 - 9 = 2*t, -4*t + 28 = 2*y. Calculate the remainder when (2 + -1)*95*1 is divided by y.
23
Let l(m) = m**3 + 9*m**2 + 14*m + 20. What is the remainder when l(-5) is divided by 19?
12
Suppose 5*m = 2*m + 66. Calculate the remainder when (-4)/(-8) + (-1935)/(-30) is divided by m.
21
Let b = -1 + 6. Suppose 4 + b = -m. What is the remainder when 2 + 8*m/(-6) is divided by 5?
4
Let p(m) = -m - 3. Let n be 1/(-3 + (-42)/(-15)). What is the remainder when 5 is divided by p(n)?
1
Calculate the remainder when 68 is divided by 1*-2*46/(-4).
22
Let o(g) = 11*g**3 + 18*g**2 - 22*g - 3. Let f(q) = 7*q**3 + 12*q**2 - 15*q - 2. Let t(d) = 8*f(d) - 5*o(d). What is the remainder when t(-7) is divided by 7?
6
Let z = 153 + -73. Calculate the remainder when z is divided by 27.
26
Suppose 5*s - 2 = 3. What is the remainder when 8 is divided by s?
0
Suppose 0*h - 5 = -h. Suppose 2*f = h*f - 5*d - 109, 0 = -5*d - 10. Suppose 0 = i + a - 17, a = 3*i - 2*a - 51. Calculate the remainder when f is divided by i.
16
Calculate the remainder when 25 is divided by (56/(-10))/((-4)/10).
11
Let m = -1 + 1. Let n = 27 - -9. Suppose i - 3 = 5*h, 0 = -4*i - 4*h - m + n. What is the remainder when 22 is divided by i?
6
Suppose -4*m = -g - 28, 2*m - 5*g + 3 = -1. Let o be -16*((-6)/m + 0). Suppose 0 = 3*v - 7*v + o. What is the remainder when 9 is divided by v?
0
Let g = 8 + 0. Let j(u) = u**2 - u - 8. What is the remainder when j(6) is divided by g?
6
Let a(j) = -j**3 + 16*j**2 + 2*j + 6. Calculate the remainder when 113 is divided by a(16).
37
Let k(x) = -x**2 - 9*x - 11. Calculate the remainder when 26 is divided by k(-6).
5
Calculate the remainder when 16 is divided by (36/(-8))/((-4)/8).
7
Let h be 100/36 + (-2)/(-9). Calculate the remainder when 30 is divided by 3 - (-2 + h + -6).
6
Let a(g) be the third derivative of g**5/20 - 5*g**4/24 + 2*g**3/3 - g**2. Calculate the remainder when 45 is divided by a(3).
13
Suppose -9*z = -116 - 19. Calculate the remainder when 44 is divided by z.
14
Let t(y) = -y + 4. Let k(z) = 4*z - 10. Calculate the remainder when k(3) is divided by t(3).
0
Suppose -2 = 2*h - 4*p, -5*h + 14 = -4*h + 3*p. Suppose m - 3 + 1 = 0. What is the remainder when h is divided by m?
1
Suppose -5*b = -282 + 32. Calculate the remainder when b is divided by 18.
14
Let t(j) = -7*j**2 - 2*j - 1. Let g be t(-1). Let l = g + 12. Calculate the remainder when 17 is divided by l.
5
Let n(t) = -2*t**3 + t**2 - 2*t + 1. Let a be n(1). What is the remainder when 4 is divided by a/(-11) + 40/22?
0
Let m(b) = 3*b - 19. Calculate the remainder when m(9) is divided by 5.
3
Let i(q) = -3*q**3 + 3*q**2 + 3*q + 8. Calculate the remainder when i(-3) is divided by 27.
26
Let w = -3 - -14. What is the remainder when 53 is divided by w?